 is the units digit of m?
8
Let b be 4*(-2 + (-6)/(-4)). What is the units digit of (12/(-15))/(b/20)?
8
Suppose -5*a + 8*a = 6. Let b = 4 + a. What is the units digit of b?
6
Suppose 6*s - 2*s + 4*v = 152, -5*s + 3*v + 158 = 0. What is the tens digit of s?
3
Let f be 376/12*(-75)/(-10). Suppose -5*d + f = -0*d. What is the units digit of d?
7
Let o(y) = -3*y + 1. Let r be o(-1). Suppose -4*n = -2*n - r. What is the units digit of n?
2
Let k = -8 + -17. Let m = -88 - -83. What is the units digit of (-415)/k + (-2)/m?
7
Suppose 5*j - 11 = 4. Suppose -j*f - 22 = -5*c + 57, -5*f + 61 = 3*c. What is the tens digit of c?
1
Suppose 5*z = 3*z + 2*i + 2, -4*i = 2*z - 14. Suppose -4*d - z = -11. Suppose -m + d*u + 13 = -0, -5*m - u = -10. What is the units digit of m?
3
Let n(a) = a**2 + 6*a + 5. Let c be n(-5). Let y = 6 + -8. Let d = c - y. What is the units digit of d?
2
Let h be 1*(-2 - 12) - -2. Let s(o) = -o**2 - 11*o + 14. Let m be s(h). What is the units digit of (m - 1) + -2 - -9?
8
Suppose -4*j - 3*x + 168 = x, 0 = -2*j + 4*x + 54. What is the tens digit of j?
3
What is the tens digit of (-10)/(-40) - 1/(-4)*479?
2
Let w = -2 - -4. Suppose -g = w*g - 42. What is the tens digit of (g + -8)*(3 + -1)?
1
Let c(y) = -y**2 - 5*y + 4. Let k be c(-4). Let v = k + -6. What is the units digit of (-30)/(-7) + v/(-7)?
4
Let a = 4 - 2. Suppose 5*u + 8 = 4*w - 7*w, -1 = -w + a*u. Let p = w - -5. What is the units digit of p?
4
Suppose 2 = q - 1. Let u be 1 - -1 - (-9)/q. Let g = -1 + u. What is the units digit of g?
4
Suppose -5*w - 5 = 0, -21 = -4*l - l - 4*w. What is the units digit of l?
5
Suppose -t - t - 3*k - 16 = 0, -2*k = -2*t + 4. Let p be 6 + 1 + -2 + t. Suppose 4*v - 36 = -o, -p*o + 2*o = -5*v + 45. What is the units digit of v?
9
Let s be ((-3)/(-2) + -2)*6. Let b be (-20)/s*6/(-4). Let r = b - -15. What is the units digit of r?
5
What is the tens digit of 356/6 + (-4)/(-6)?
6
Suppose 9 = f - 3. Suppose 0*t = -t + f. What is the tens digit of t?
1
Let x(r) = -5*r - 11. Let u(k) = -2*k**3 + 2*k**2 - k + 2. Let c be u(2). Let g be x(c). Suppose -5*d + g = -11. What is the units digit of d?
8
Let h = 19 + -43. Let x = -9 - h. What is the tens digit of x?
1
Let r(l) = -l + 5*l + 7 - 3*l. What is the units digit of r(5)?
2
Let b(x) = -x**2 + x. Let j(z) = 44*z**2 - 5*z + 1. Let q(f) = 5*b(f) + j(f). What is the units digit of q(1)?
0
Suppose -5*c + c = -68. Let s = -8 + c. What is the units digit of s?
9
Let g(v) = 4*v**2 + 8*v + 2. Let h(r) = r + r**2 - 2 + 2. Let t(b) = g(b) - 5*h(b). What is the units digit of t(2)?
4
Suppose l + 3*o = -6, -l + 10 - 1 = -2*o. Suppose z + 76 = 5*b + l*z, 5*b - 67 = z. What is the tens digit of b?
1
Let w be (-2)/6 - (-20)/(-3). Let i = 20 + w. What is the tens digit of i?
1
Let s be (-68)/(-6) - (-1)/(-3). Let l = s + -9. What is the units digit of l?
2
Let x = 107 - -14. What is the units digit of x?
1
Let j(w) = -w**3 + 4*w**2 + 5*w + 7. Let s be j(5). Suppose -s*i + 9 = -4*i. Suppose -a = 3*c - i*a, 0 = 4*c - 3*a + 1. What is the units digit of c?
2
Let c be ((-14)/6)/(1/(-3)). Suppose -5*d + c = -4*d. What is the units digit of d?
7
Let r(s) = s**3 + 21*s**2 - 29*s - 60. What is the units digit of r(-22)?
4
Let q be ((-3)/(-6))/(2/204). Suppose 4*u = u + q. What is the tens digit of u?
1
Let y(f) = 2*f**3 + 14*f**2 - 12*f + 12. Let h be y(-11). What is the units digit of (-3)/15 - h/20?
1
Let z(f) = -5*f - 2. What is the tens digit of z(-11)?
5
Let t = 7 - 1. Suppose -2*m + 3 = x, -4*x - m = -3*x - 1. Let b = x + t. What is the units digit of b?
5
Let f(i) = i + 11. Let g(a) = a + 11. Let p(d) = 6*f(d) - 5*g(d). Let u be p(-9). Suppose -u*l - 2*l = -32. What is the units digit of l?
8
Suppose -d + 6 - 1 = 0. Suppose 8*w - d*w = x + 12, -5*w = -5*x - 10. Suppose -y = w*t - 19, -t + 19 = y + 3*t. What is the units digit of y?
9
Let o = 7 - 3. Suppose g + o*g - 120 = -2*z, -z = -5*g + 120. What is the tens digit of g?
2
Let f(o) = 2*o**2 + 8*o - 2. Suppose -3*s + k - 23 = -0*s, 2*k = 4*s + 34. What is the tens digit of f(s)?
2
Let l(i) = 8*i**2 + 9*i + 5. What is the tens digit of l(-4)?
9
Let g = 28 - 15. Let u = g + -11. What is the units digit of u?
2
Let f = 27 - 22. Let h = 4 + -2. Let y = f - h. What is the units digit of y?
3
Let w(a) = 51*a - 52. What is the units digit of w(5)?
3
Let m be 1 + -1 + (-25)/(-5). Let k = m - 2. What is the units digit of k?
3
Let c(d) be the first derivative of -2*d**4 - d**2/2 - d + 2. Let o be c(-1). Suppose -3*p - 35 = -o*p. What is the units digit of p?
7
Let d(b) = -b + 5. Let w be d(6). Suppose 4*k + 5*t - 29 = 0, 3*k + 17 = 3*t + t. What is the units digit of k*8/(-1)*w?
8
Suppose 6 = 2*y + 2. Suppose u + 3 = y*u. Suppose -u*a + a + 18 = 0. What is the units digit of a?
9
Suppose 2*w + r - 12 = 5*r, -2 = -w + r. What is the units digit of 2*(-1)/w - 0?
1
Let g be (-7)/((-140)/16)*10. What is the tens digit of 44/6*12/g?
1
Suppose -5*n + 28 + 127 = 0. What is the units digit of n?
1
Suppose 3*x + 10 = -n, -x + 0 = -n - 2. Suppose 3*a - 2*a + 6 = 0. What is the units digit of (-2)/(-8)*x*a?
3
Suppose 0 = -8*q - 2*q + 1000. What is the tens digit of q?
0
Let d = 153 - 139. What is the units digit of d?
4
Suppose 5 = 3*c + 20. Let g be ((-1)/3)/(c/(-15)). What is the units digit of (0 - (3 + g)) + 22?
0
Let f(u) = -10*u - 1. Suppose 0 = -d - 3*d - 4. What is the units digit of f(d)?
9
Let y = -12 - -9. Let u(o) = -o**3 + 2*o**2 + 3*o + 2. Let b be u(-2). Let c = b + y. What is the units digit of c?
9
What is the tens digit of 334/4 + 7/(-14)?
8
Let i(k) = -k**3 + 7*k**2 + 8*k + 7. Let d be i(8). Suppose 3*s - 1 = 5. Let g = d - s. What is the units digit of g?
5
Suppose 210 = 5*x - 4*i - 160, i - 395 = -5*x. What is the units digit of 5 + -3 + x/2?
1
Let y(j) = j + 18. Let f be y(-13). Suppose 0*k = -5*r + 5*k + 110, f*r - 110 = -k. What is the units digit of r?
2
Suppose 6*i - 200 = i. What is the tens digit of i?
4
Let m = -10 - 1. Let q be (-1 + -2)*6 - -2. Let j = m - q. What is the units digit of j?
5
Let m = -354 - -535. What is the units digit of m?
1
Let t(o) = 7 - 12 - 12 + 2*o. What is the units digit of t(11)?
5
Suppose 2*r - 98 = -2*a + a, 3*a - 285 = 3*r. What is the tens digit of a?
9
Let h = -43 + 31. Let i = -8 - h. Let j = -3 + i. What is the units digit of j?
1
Let j(y) be the second derivative of -27*y**5/20 + y**4/12 + y**3/6 + y**2/2 + 7*y. What is the tens digit of j(-1)?
2
Let z(s) = -s**2 - 2*s + 6. Let v be z(-5). Let m(c) = -c**3 + 3*c**2 + 3*c. Let j be m(-2). Let l = v + j. What is the units digit of l?
5
Suppose -3*g + 381 - 90 = 0. Let v = g - 54. What is the units digit of v?
3
Suppose 0*h - 65 = -h - 4*v, 2*h - 141 = 3*v. Suppose -r + 0*d - 4*d + 20 = 0, -h = -3*r - 3*d. What is the tens digit of r?
2
Let g be 34/6 + (-3)/(-9). Let z(u) = -u**2 + 6*u + 3. Let a be z(g). Suppose -3*p = a*s - 30, 0 = 2*s + 4*p - 2 - 26. What is the units digit of s?
6
Let i(w) = 9*w - 4. What is the tens digit of i(5)?
4
Let q(j) be the first derivative of j**3/3 + 3*j**2 - 13*j - 3. What is the tens digit of q(-9)?
1
Let h(c) = -2*c + 46. What is the units digit of h(-13)?
2
Let z be ((-10)/8)/(-1)*-4. Let o(y) = -y**2 - 6*y + 3. What is the units digit of o(z)?
8
Let a(t) = -t + 7. Let u be a(8). What is the units digit of (25/30)/(u/(-6))?
5
Suppose 0 = -24*h + 7335 - 183. What is the hundreds digit of h?
2
Let u(a) = a**3 + 8*a**2 - 8. Let p = 1 + -7. Let x be u(p). Suppose -x = -2*w - 2*w. What is the tens digit of w?
1
Let j(h) = h**2 - 2*h. Let v be j(3). Suppose 0*w = -2*w + o + 24, -v*w = o - 26. What is the units digit of 5*((-16)/w)/(-2)?
4
Suppose -2*b + 253 = -g, 3*b - 180 - 201 = 3*g. What is the units digit of b?
6
Suppose 0 = -4*i + u + 282 - 94, 3*i - u - 142 = 0. Suppose i = 2*t + h, -5*h + 104 = -t + 5*t. What is the tens digit of t?
2
Let d(h) = h**2 - 6*h - 6. Let u be d(7). What is the units digit of 6 + u*-2 + 2?
6
Let x = -1 - 8. Let w = x + 14. Suppose 0 = 4*b - w - 3. What is the units digit of b?
2
Let v(x) = -x**2 - x + 8. Let s be v(7). Let l = -24 - s. Suppose 7*y - 5*y - l = 0. What is the units digit of y?
2
Let t be -3 - 0/(-4) - 5. What is the units digit of t/(-28) + (-117)/(-7)?
7
What is the units digit of (-132)/(-4)